eatest common factor of 182 and 4459?
91
Calculate the highest common factor of 305 and 10.
5
Calculate the greatest common divisor of 1127 and 49.
49
What is the highest common factor of 1600 and 144?
16
What is the highest common factor of 1826 and 44?
22
Calculate the greatest common divisor of 6 and 150.
6
What is the greatest common divisor of 105 and 4305?
105
Calculate the greatest common divisor of 9 and 369.
9
What is the highest common divisor of 5160 and 30?
30
Calculate the greatest common divisor of 438 and 292.
146
What is the highest common factor of 45 and 1395?
45
Calculate the greatest common factor of 5145 and 15.
15
Calculate the highest common divisor of 78 and 24.
6
What is the highest common factor of 13095 and 270?
135
Calculate the greatest common divisor of 144 and 684.
36
What is the highest common factor of 196 and 21868?
28
Calculate the greatest common factor of 38 and 66120.
38
Calculate the highest common factor of 20 and 740.
20
Calculate the highest common divisor of 38 and 12.
2
Calculate the highest common divisor of 360 and 45.
45
What is the highest common divisor of 777 and 63?
21
Calculate the greatest common factor of 256 and 1728.
64
Calculate the greatest common divisor of 602 and 203.
7
What is the greatest common factor of 32 and 1664?
32
Calculate the greatest common factor of 30 and 19110.
30
What is the highest common divisor of 1258 and 3922?
74
What is the greatest common factor of 1488 and 48?
48
What is the greatest common factor of 60 and 150?
30
Calculate the greatest common factor of 240 and 32520.
120
What is the highest common divisor of 506 and 184?
46
What is the greatest common factor of 240 and 7710?
30
What is the highest common factor of 1645 and 455?
35
What is the greatest common factor of 55 and 1650?
55
What is the greatest common factor of 740 and 20?
20
Calculate the highest common divisor of 40 and 24.
8
What is the highest common divisor of 364 and 832?
52
Calculate the greatest common factor of 99 and 33.
33
What is the greatest common factor of 468 and 65?
13
What is the greatest common divisor of 32 and 64?
32
What is the greatest common divisor of 11 and 227?
1
Calculate the highest common divisor of 18 and 15858.
18
What is the greatest common factor of 999 and 592?
37
Calculate the highest common factor of 6643 and 637.
91
What is the highest common divisor of 682 and 22?
22
What is the greatest common factor of 6 and 18?
6
What is the greatest common factor of 53 and 1431?
53
Calculate the greatest common divisor of 162 and 1278.
18
What is the greatest common factor of 260 and 104?
52
Calculate the highest common divisor of 44 and 77.
11
What is the greatest common divisor of 2407 and 166?
83
Calculate the greatest common factor of 748 and 308.
44
Calculate the greatest common factor of 1184 and 272.
16
Calculate the highest common factor of 235 and 47.
47
Calculate the highest common factor of 324 and 99.
9
Calculate the highest common divisor of 1833 and 78.
39
Calculate the greatest common factor of 220 and 40.
20
What is the greatest common divisor of 1173 and 207?
69
What is the highest common divisor of 12 and 2672?
4
Calculate the highest common divisor of 154 and 3311.
77
What is the greatest common factor of 187 and 3247?
17
Calculate the highest common divisor of 35402 and 62.
62
Calculate the highest common factor of 56 and 49.
7
What is the greatest common factor of 20 and 5520?
20
What is the greatest common divisor of 5 and 5?
5
Calculate the greatest common divisor of 1 and 9.
1
What is the highest common factor of 20 and 32?
4
Calculate the highest common divisor of 17 and 629.
17
Calculate the highest common factor of 47 and 94.
47
Calculate the highest common factor of 20215 and 10.
5
Calculate the greatest common divisor of 26 and 15366.
26
What is the highest common factor of 132 and 396?
132
Calculate the highest common factor of 100 and 530.
10
What is the greatest common divisor of 19039 and 482?
241
Calculate the greatest common divisor of 24 and 8.
8
Calculate the highest common divisor of 7 and 868.
7
Calculate the greatest common divisor of 1287 and 351.
117
What is the greatest common divisor of 84 and 609?
21
Calculate the highest common divisor of 470 and 90.
10
What is the greatest common divisor of 40260 and 20?
20
Calculate the highest common factor of 1974 and 63.
21
What is the highest common divisor of 1798 and 186?
62
Calculate the greatest common divisor of 10199 and 217.
217
Calculate the greatest common factor of 12 and 2004.
12
What is the highest common divisor of 403 and 31?
31
Calculate the greatest common divisor of 60 and 1056.
12
Calculate the highest common divisor of 7990 and 94.
94
Calculate the greatest common divisor of 582 and 485.
97
What is the highest common divisor of 48 and 192?
48
Calculate the highest common factor of 40 and 72.
8
What is the greatest common divisor of 392 and 16?
8
Calculate the greatest common factor of 3564 and 120.
12
Calculate the greatest common factor of 178 and 18779.
89
Calculate the highest common divisor of 21 and 2121.
21
Calculate the highest common divisor of 978 and 6.
6
What is the highest common divisor of 15 and 690?
15
Calculate the greatest common divisor of 60 and 8124.
12
Calculate the greatest common factor of 143 and 88.
11
Calculate the highest common factor of 74 and 3182.
74
What is the greatest common divisor of 90 and 10?
10
Calculate the highest common factor of 423 and 9.
9
Calculate the highest common divisor of 187 and 55.
11
Calculate the greatest common factor of 95 and 722.
19
Calculate the greatest common factor of 26 and 1508.
26
What is the greatest common factor of 17 and 1?
1
Calculate the highest common factor of 2 and 118.
2
Calculate the highest common divisor of 539 and 1001.
77
What is the highest common divisor of 279 and 15531?
93
What is the greatest common divisor of 4776 and 32?
8
What is the greatest common divisor of 936 and 182?
26
Calculate the greatest common factor of 175 and 550.
25
Calculate the greatest common divisor of 50 and 450.
50
Calculate the highest common factor of 140 and 25.
5
What is the greatest common factor of 39758 and 206?
206
What is the greatest common divisor of 196 and 1519?
49
Calculate the greatest common divisor of 12 and 348.
12
What is the greatest common factor of 228 and 48?
12
Calculate the greatest common divisor of 544 and 1292.
68
Calculate the greatest common factor of 40 and 11820.
20
Calculate the highest common divisor of 64 and 6.
2
What is the highest common factor of 28 and 245?
7
What is the greatest common factor of 153 and 1206?
9
What is the highest common factor of 200 and 520?
40
Calculate the greatest common divisor of 9301 and 284.
71
Calculate the highest common divisor of 66 and 264.
66
What is the highest common factor of 608 and 19?
19
What is the highest common divisor of 100 and 6325?
25
Calculate the highest common divisor of 1328 and 32.
16
Calculate the greatest common divisor of 11 and 1111.
11
What is the highest common factor of 77 and 308?
77
Calculate the greatest common factor of 14276 and 86.
86
What is the highest common divisor of 94410 and 90?
90
Calculate the greatest common factor of 328 and 40.
8
What is the highest common factor of 392 and 49?
49
What is the highest common factor of 40 and 1700?
20
What is the highest common factor of 16 and 332?
4
What is the greatest common factor of 780 and 52?
52
Calculate the greatest common factor of 17037 and 162.
27
Calculate the greatest common divisor of 302 and 5285.
151
What is the highest common factor of 405 and 60?
15
What is the greatest common divisor of 23 and 253?
23
Calculate the highest common factor of 1953 and 1386.
63
Calculate the highest common divisor of 27 and 18.
9
What is the greatest common factor of 115 and 184?
23
Calculate the highest common factor of 72 and 664.
8
What is the greatest common divisor of 150 and 90?
30
Calculate the highest common factor of 2145 and 975.
195
Calculate the greatest common factor of 399 and 38.
19
What is the greatest common divisor of 108 and 43200?
108
Calculate the highest common factor of 55 and 1485.
55
What is the greatest common factor of 308 and 84?
28
